{"id":153,"date":"2025-08-23T01:25:42","date_gmt":"2025-08-22T22:25:42","guid":{"rendered":"https:\/\/veikals.bebra-speks.lv\/?post_type=product&#038;p=153"},"modified":"2025-09-13T10:44:49","modified_gmt":"2025-09-13T07:44:49","slug":"brieza-aknu-pastete-ar-plumem","status":"publish","type":"product","link":"https:\/\/veikals.bebra-speks.lv\/index.php\/product\/brieza-aknu-pastete-ar-plumem\/","title":{"rendered":"Brie\u017ea aknu past\u0113te ar pl\u016bm\u0113m"},"content":{"rendered":"<p>Steriliz\u0113ti ga\u013cas konservi &#8220;Brie\u017ea aknu past\u0113te ar pl\u016bm\u0113m&#8221;, SIA &#8220;Bebra sp\u0113ks&#8221;, neto masa 240 grami.<\/p>\n<p>Sast\u0101vs:<\/p>\n<ul>\n<li>brie\u017ea akna (88%)<\/li>\n<li>muskatrieksti (3%)<\/li>\n<li>plumes (3%)<\/li>\n<li>\u016bdens<\/li>\n<li>s\u0101ls<\/li>\n<li>\u0137iploki<\/li>\n<li>melnie pipari<\/li>\n<\/ul>\n<p>Ra\u017eots Z\/S &#8220;Rubu\u013ci&#8221;, Za\u0146as pagasta Saldus novad\u0101, Latvij\u0101. PVD re\u0123. Nr. 061258.<\/p>\n<p>Izgatavots p\u0113c SIA &#8220;Bebra sp\u0113ks&#8221; pas\u016bt\u012bjuma.<\/p>\n<p>Uzglab\u0101t temperat\u016br\u0101 +3 &#8211; + 25 \u00b0C.<\/p>\n<p>Ieteicams l\u012bdz: skat\u012bt uz iepakojuma.<\/p>\n","protected":false},"excerpt":{"rendered":"<p>Steriliz\u0113ti ga\u013cas konservi &#8220;Brie\u017ea aknu past\u0113te ar pl\u016bm\u0113m&#8221;, SIA &#8220;Bebra sp\u0113ks&#8221;, neto masa 240 grami. Sast\u0101vs: brie\u017ea akna (88%) muskatrieksti (3%) plumes (3%) \u016bdens s\u0101ls \u0137iploki melnie pipari Ra\u017eots Z\/S &#8220;Rubu\u013ci&#8221;, Za\u0146as pagasta Saldus novad\u0101, Latvij\u0101. PVD re\u0123. Nr. 061258. Izgatavots p\u0113c SIA &#8220;Bebra sp\u0113ks&#8221; pas\u016bt\u012bjuma. Uzglab\u0101t temperat\u016br\u0101 +3 &#8211; + 25 \u00b0C. Ieteicams l\u012bdz: [&hellip;]<\/p>\n","protected":false},"featured_media":152,"comment_status":"open","ping_status":"closed","template":"","meta":[],"product_brand":[],"product_cat":[20],"product_tag":[],"class_list":{"0":"post-153","1":"product","2":"type-product","3":"status-publish","4":"has-post-thumbnail","6":"product_cat-brieza-produkti","8":"first","9":"instock","10":"shipping-taxable","11":"purchasable","12":"product-type-simple"},"_links":{"self":[{"href":"https:\/\/veikals.bebra-speks.lv\/index.php\/wp-json\/wp\/v2\/product\/153","targetHints":{"allow":["GET"]}}],"collection":[{"href":"https:\/\/veikals.bebra-speks.lv\/index.php\/wp-json\/wp\/v2\/product"}],"about":[{"href":"https:\/\/veikals.bebra-speks.lv\/index.php\/wp-json\/wp\/v2\/types\/product"}],"replies":[{"embeddable":true,"href":"https:\/\/veikals.bebra-speks.lv\/index.php\/wp-json\/wp\/v2\/comments?post=153"}],"wp:featuredmedia":[{"embeddable":true,"href":"https:\/\/veikals.bebra-speks.lv\/index.php\/wp-json\/wp\/v2\/media\/152"}],"wp:attachment":[{"href":"https:\/\/veikals.bebra-speks.lv\/index.php\/wp-json\/wp\/v2\/media?parent=153"}],"wp:term":[{"taxonomy":"product_brand","embeddable":true,"href":"https:\/\/veikals.bebra-speks.lv\/index.php\/wp-json\/wp\/v2\/product_brand?post=153"},{"taxonomy":"product_cat","embeddable":true,"href":"https:\/\/veikals.bebra-speks.lv\/index.php\/wp-json\/wp\/v2\/product_cat?post=153"},{"taxonomy":"product_tag","embeddable":true,"href":"https:\/\/veikals.bebra-speks.lv\/index.php\/wp-json\/wp\/v2\/product_tag?post=153"}],"curies":[{"name":"wp","href":"https:\/\/api.w.org\/{rel}","templated":true}]}}