{"id":84,"date":"2024-10-23T23:16:04","date_gmt":"2024-10-23T20:16:04","guid":{"rendered":"https:\/\/veikals.bebra-speks.lv\/?post_type=product&#038;p=84"},"modified":"2025-09-13T11:09:04","modified_gmt":"2025-09-13T08:09:04","slug":"sautetas-grieztas-brieza-galas-konservs","status":"publish","type":"product","link":"https:\/\/veikals.bebra-speks.lv\/index.php\/product\/sautetas-grieztas-brieza-galas-konservs\/","title":{"rendered":"Saut\u0113tas, grieztas brie\u017ea ga\u013cas konservs"},"content":{"rendered":"<p><strong>Steriliz\u0113ti ga\u013cas konservi &#8220;Saut\u0113ta, griezta brie\u017ea ga\u013ca&#8221;<\/strong>, SIA &#8220;Bebra sp\u0113ks&#8221;, neto masa 310 grami.<\/p>\n<p>Sast\u0101vs:<\/p>\n<ul>\n<li>brie\u017ea ga\u013ca (90%)<\/li>\n<li>\u016bdens<\/li>\n<li>s\u0101ls<\/li>\n<li>\u0137iploki<\/li>\n<li>melnie pipari<\/li>\n<\/ul>\n<p>Ra\u017eots Z\/S &#8220;Rubu\u013ci&#8221;, Za\u0146as pagasta Saldus novad\u0101, Latvij\u0101. PVD re\u0123. Nr. 061258.<\/p>\n<p>Izgatavots p\u0113c SIA &#8220;Bebra sp\u0113ks&#8221; pas\u016bt\u012bjuma.<\/p>\n<p>Uzglab\u0101t temperat\u016br\u0101 +3 &#8211; + 25 \u00b0C.<\/p>\n<p>Ieteicams l\u012bdz: skat\u012bt uz iepakojuma.<\/p>\n","protected":false},"excerpt":{"rendered":"<p>Konserviem unik\u0101lo un neatk\u0101rtojamo gar\u0161u pie\u0161\u0137ir gabali\u0146os griezt\u0101 ga\u013ca tajos un to ra\u017eo\u0161ana m\u0101jra\u017eo\u0161an\u0101, k\u0101 ar\u012b individu\u0101la pieeja katrai sara\u017eotajai partijai.<\/p>\n","protected":false},"featured_media":197,"comment_status":"open","ping_status":"closed","template":"","meta":[],"product_brand":[],"product_cat":[20],"product_tag":[],"class_list":{"0":"post-84","1":"product","2":"type-product","3":"status-publish","4":"has-post-thumbnail","6":"product_cat-brieza-produkti","8":"first","9":"instock","10":"shipping-taxable","11":"purchasable","12":"product-type-simple"},"_links":{"self":[{"href":"https:\/\/veikals.bebra-speks.lv\/index.php\/wp-json\/wp\/v2\/product\/84","targetHints":{"allow":["GET"]}}],"collection":[{"href":"https:\/\/veikals.bebra-speks.lv\/index.php\/wp-json\/wp\/v2\/product"}],"about":[{"href":"https:\/\/veikals.bebra-speks.lv\/index.php\/wp-json\/wp\/v2\/types\/product"}],"replies":[{"embeddable":true,"href":"https:\/\/veikals.bebra-speks.lv\/index.php\/wp-json\/wp\/v2\/comments?post=84"}],"wp:featuredmedia":[{"embeddable":true,"href":"https:\/\/veikals.bebra-speks.lv\/index.php\/wp-json\/wp\/v2\/media\/197"}],"wp:attachment":[{"href":"https:\/\/veikals.bebra-speks.lv\/index.php\/wp-json\/wp\/v2\/media?parent=84"}],"wp:term":[{"taxonomy":"product_brand","embeddable":true,"href":"https:\/\/veikals.bebra-speks.lv\/index.php\/wp-json\/wp\/v2\/product_brand?post=84"},{"taxonomy":"product_cat","embeddable":true,"href":"https:\/\/veikals.bebra-speks.lv\/index.php\/wp-json\/wp\/v2\/product_cat?post=84"},{"taxonomy":"product_tag","embeddable":true,"href":"https:\/\/veikals.bebra-speks.lv\/index.php\/wp-json\/wp\/v2\/product_tag?post=84"}],"curies":[{"name":"wp","href":"https:\/\/api.w.org\/{rel}","templated":true}]}}